alculate the remainder when 878 is divided by 15.
8
Calculate the remainder when 146 is divided by 22.
14
What is the remainder when 50813 is divided by 32?
29
Calculate the remainder when 197 is divided by 53.
38
Calculate the remainder when 486 is divided by 6.
0
What is the remainder when 251 is divided by 85?
81
What is the remainder when 1514 is divided by 169?
162
What is the remainder when 3233 is divided by 27?
20
Calculate the remainder when 197 is divided by 3.
2
What is the remainder when 1446 is divided by 720?
6
Calculate the remainder when 89 is divided by 69.
20
What is the remainder when 662 is divided by 37?
33
What is the remainder when 74 is divided by 2?
0
What is the remainder when 1049 is divided by 346?
11
What is the remainder when 675 is divided by 233?
209
What is the remainder when 388 is divided by 78?
76
Calculate the remainder when 332 is divided by 37.
36
Calculate the remainder when 1539 is divided by 380.
19
What is the remainder when 235 is divided by 27?
19
Calculate the remainder when 1140 is divided by 19.
0
Calculate the remainder when 1408 is divided by 56.
8
Calculate the remainder when 102 is divided by 21.
18
What is the remainder when 49 is divided by 20?
9
Calculate the remainder when 152 is divided by 42.
26
What is the remainder when 194 is divided by 33?
29
Calculate the remainder when 240 is divided by 49.
44
What is the remainder when 368 is divided by 51?
11
Calculate the remainder when 6899 is divided by 12.
11
What is the remainder when 1947 is divided by 30?
27
Calculate the remainder when 426 is divided by 21.
6
What is the remainder when 1572 is divided by 13?
12
Calculate the remainder when 93 is divided by 19.
17
Calculate the remainder when 39 is divided by 6.
3
What is the remainder when 2415 is divided by 16?
15
Calculate the remainder when 1156 is divided by 40.
36
Calculate the remainder when 2449 is divided by 98.
97
What is the remainder when 25 is divided by 7?
4
Calculate the remainder when 1995 is divided by 53.
34
Calculate the remainder when 211 is divided by 54.
49
Calculate the remainder when 92 is divided by 48.
44
Calculate the remainder when 967 is divided by 51.
49
What is the remainder when 277 is divided by 5?
2
What is the remainder when 84 is divided by 78?
6
Calculate the remainder when 29 is divided by 6.
5
Calculate the remainder when 235 is divided by 82.
71
What is the remainder when 1620 is divided by 232?
228
What is the remainder when 129 is divided by 12?
9
Calculate the remainder when 26 is divided by 7.
5
What is the remainder when 4956 is divided by 121?
116
What is the remainder when 1534 is divided by 12?
10
What is the remainder when 244 is divided by 91?
62
What is the remainder when 5126 is divided by 2559?
8
What is the remainder when 154 is divided by 94?
60
What is the remainder when 5718 is divided by 26?
24
Calculate the remainder when 19 is divided by 6.
1
Calculate the remainder when 599 is divided by 560.
39
Calculate the remainder when 712 is divided by 102.
100
Calculate the remainder when 724 is divided by 80.
4
Calculate the remainder when 528 is divided by 118.
56
Calculate the remainder when 1697 is divided by 17.
14
What is the remainder when 1602 is divided by 789?
24
What is the remainder when 4270 is divided by 2129?
12
What is the remainder when 934 is divided by 117?
115
Calculate the remainder when 1839 is divided by 58.
41
Calculate the remainder when 173 is divided by 7.
5
What is the remainder when 222 is divided by 7?
5
Calculate the remainder when 4027 is divided by 1325.
52
Calculate the remainder when 4804 is divided by 54.
52
What is the remainder when 221 is divided by 109?
3
Calculate the remainder when 363 is divided by 46.
41
What is the remainder when 715 is divided by 232?
19
Calculate the remainder when 26 is divided by 5.
1
Calculate the remainder when 1070 is divided by 23.
12
Calculate the remainder when 151 is divided by 22.
19
Calculate the remainder when 225 is divided by 75.
0
Calculate the remainder when 362 is divided by 360.
2
What is the remainder when 399 is divided by 29?
22
What is the remainder when 379 is divided by 31?
7
Calculate the remainder when 186 is divided by 15.
6
What is the remainder when 450 is divided by 433?
17
Calculate the remainder when 456 is divided by 23.
19
What is the remainder when 661 is divided by 46?
17
What is the remainder when 112 is divided by 20?
12
Calculate the remainder when 132 is divided by 16.
4
What is the remainder when 896 is divided by 69?
68
What is the remainder when 114 is divided by 46?
22
What is the remainder when 145 is divided by 4?
1
Calculate the remainder when 5830 is divided by 324.
322
Calculate the remainder when 307 is divided by 33.
10
What is the remainder when 432 is divided by 21?
12
Calculate the remainder when 255 is divided by 87.
81
What is the remainder when 50 is divided by 15?
5
Calculate the remainder when 462 is divided by 224.
14
Calculate the remainder when 105 is divided by 10.
5
Calculate the remainder when 111 is divided by 16.
15
What is the remainder when 152 is divided by 17?
16
What is the remainder when 3029 is divided by 1008?
5
Calculate the remainder when 1107 is divided by 74.
71
What is the remainder when 55 is divided by 15?
10
What is the remainder when 1233 is divided by 109?
34
Calculate the remainder when 511 is divided by 166.
13
What is the remainder when 337 is divided by 184?
153
What is the remainder when 1390 is divided by 35?
25
What is the remainder when 120 is divided by 44?
32
What is the remainder when 411 is divided by 69?
66
What is the remainder when 584 is divided by 14?
10
What is the remainder when 157 is divided by 44?
25
What is the remainder when 799 is divided by 9?
7
Calculate the remainder when 151 is divided by 11.
8
What is the remainder when 160 is divided by 35?
20
Calculate the remainder when 1408 is divided by 6.
4
What is the remainder when 88 is divided by 48?
40
What is the remainder when 258 is divided by 249?
9
Calculate the remainder when 350 is divided by 51.
44
Calculate the remainder when 55 is divided by 30.
25
Calculate the remainder when 273 is divided by 25.
23
Calculate the remainder when 66 is divided by 10.
6
Calculate the remainder when 114 is divided by 42.
30
Calculate the remainder when 19 is divided by 13.
6
What is the remainder when 857 is divided by 11?
10
What is the remainder when 328 is divided by 61?
23
What is the remainder when 1096 is divided by 149?
53
What is the remainder when 734 is divided by 46?
44
What is the remainder when 174 is divided by 43?
2
Calculate the remainder when 38 is divided by 14.
10
What is the remainder when 6757 is divided by 109?
108
What is the remainder when 254 is divided by 87?
80
What is the remainder when 1004 is divided by 42?
38
Calculate the remainder when 234 is divided by 16.
10
Calculate the remainder when 334 is divided by 12.
10
Calculate the remainder when 692 is divided by 139.
136
Calculate the remainder when 449 is divided by 75.
74
Calculate the remainder when 16501 is divided by 18.
13
Calculate the remainder when 84 is divided by 30.
24
What is the remainder when 191 is divided by 50?
41
Calculate the remainder when 128 is divided by 71.
57
Calculate the remainder when 25 is divided by 14.
11
Calculate the remainder when 1520 is divided by 50.
20
Calculate the remainder when 142 is divided by 2.
0
Calculate the remainder when 3229 is divided by 10.
9
What is the remainder when 17562 is divided by 91?
90
Calculate the remainder when 46 is divided by 3.
1
Calculate the remainder when 27 is divided by 17.
10
What is the remainder when 991 is divided by 14?
11
Calculate the remainder when 122 is divided by 31.
29
What is the remainder when 410 is divided by 108?
86
What is the remainder when 5487 is divided by 14?
13
Calculate the remainder when 19 is divided by 13.
6
What is the remainder when 2185 is divided by 146?
141
What is the remainder when 16 is divided by 12?
4
Calculate the remainder when 2155 is divided by 5.
0
Calculate the remainder when 159 is divided by 53.
0
Calculate the remainder when 1770 is divided by 23.
22
Calculate the remainder when 1725 is divided by 24.
21
Calculate the remain